e
Let i = 2 + 1. Suppose 0 = l + 1, 0 = i*y - 2*l + 7. Is (14/y)/((-4)/894) composite?
True
Suppose 16 - 4 = 4*a. Suppose -4*r = -a*g - 320, 0*r - 174 = -2*r - 2*g. Is r a prime number?
True
Let z(r) = -32*r + 21. Let g = -38 + 33. Is z(g) a prime number?
True
Let u(k) = k**3 + 4*k**2 - k + 1. Let h be u(-4). Suppose 231 = t + 2*q - 656, h*t - 4459 = -2*q. Is t composite?
True
Suppose -198 = -3*v + 6*v. Let o = v - -457. Is o a composite number?
True
Let q be 2/8 - 34/8. Let t(r) = -r**3 - 2*r**2 - 2*r - 2. Is t(q) prime?
False
Let i(d) = -d**3 + 56*d**2 - 312*d + 28. Is i(31) prime?
False
Let c(y) = -3236*y - 11. Let r be c(-3). Suppose 8*i - 1159 = r. Is i prime?
False
Let k(o) = -8 - 13 - o**3 - o + 5 - 10*o**2 - o. Let v(h) = 4*h + 1. Let m be v(-3). Is k(m) a composite number?
False
Is 45/60 - (-1861447)/28 composite?
True
Suppose -k - 1692 = -5*k. Let b = 714 - k. Is b a prime number?
False
Let a(t) = t**3 - t**2 + 2*t + 3. Let v be a(0). Suppose 1341 = 6*r - v*r. Is r a prime number?
False
Suppose -6*l = 362 + 5566. Let b = 3621 + l. Is b a composite number?
False
Let v = -3567 + 5750. Let x = v - 1552. Is x a composite number?
False
Suppose 0 = -2*p - 3*p. Let i be -8 - -17 - (p + 3). Suppose -i*u - 137 = -671. Is u prime?
True
Suppose -15 = v + 22. Let z = v + 776. Is z prime?
True
Let t(m) = m**2 + 12*m - 11. Suppose -8*l = -7*l + 9. Let v = l + 17. Is t(v) a prime number?
True
Suppose 7*w - 135 = 2*w. Suppose -3*v - 4 + 1 = 0. Let f = v + w. Is f a composite number?
True
Suppose -302*m + 610 = -297*m. Is m composite?
True
Let k = 1958 - 3716. Let h be -1 + k/(2 - 4). Is (h/4)/((-14)/(-28)) a prime number?
True
Suppose -3*d + 1086 = -4*m, 5*m + 1361 = -0*d + 2*d. Let b = m + 851. Let o = b + -409. Is o a composite number?
True
Let q(g) = -g**3 + 14*g**2 + 10*g - 3. Let s(f) = 6*f**3 - 71*f**2 - 49*f + 16. Let p(o) = -11*q(o) - 2*s(o). Let l be p(-11). Is 6/l - (-738)/4 composite?
True
Suppose 3*q - 35 + 944 = 0. Let s = 356 - q. Let d = s + -192. Is d a prime number?
True
Suppose 5*w + 5*l - 20 = 0, -4*w = -3*l - 20 - 3. Suppose h - w*m = 13, -m = -4*h + 2*h - 19. Is ((-844)/h)/((-2)/(-6)) prime?
True
Let s = -241 + 804. Is s a prime number?
True
Let p(l) = -26*l + 9. Suppose -15 = 3*r + 2*d, 7*r + 20 = 2*r - 5*d. Is p(r) prime?
True
Let l be (4 - 11/2)/((-3)/10280). Suppose -o + 5*o = l. Is o prime?
False
Suppose -3943 = -j - 0*j + 2*c, -2*j = -c - 7883. Is j composite?
True
Suppose 0 = 3*z - 5*z + 6. Let i = 1 - z. Is (-10029)/(-45) + i/(-15) prime?
True
Let z = -324 - -559. Is z a composite number?
True
Let n = -18 - -27. Let h be (-1*n/3)/(-1). Suppose -h*x + 5*x - 874 = 0. Is x a prime number?
False
Let q(v) = -81*v + 208. Is q(-15) composite?
False
Is (30620/90)/((-6)/(-27)) composite?
False
Let p = 12828 + -1255. Suppose 17*s = p + 4050. Is s composite?
False
Let p = 155502 - 87761. Is p composite?
False
Let b(k) = -k**2 + 11*k + 15. Let i be b(12). Suppose -4*o - 257 = -5*q, 0 = i*q - 0*o + o - 144. Let y = 118 - q. Is y composite?
True
Is (-2 - 3787/3)/((-15)/45) composite?
False
Let i be 15/4*(-88)/(-33). Suppose -2*x - 5*q = -308, 8*q = 3*q + i. Is x prime?
True
Suppose 11*b - 16 = 7*b. Suppose -p + 705 = -2*x + 11369, 0 = -b*x - 3*p + 21338. Is x a prime number?
True
Suppose -7*l + 1052 = -2*l - 3*b, -3*b + 3 = 0. Is l a composite number?
False
Suppose -211727 - 119050 = -27*c. Is c prime?
True
Is (-2*(-5)/10)/((-1)/(-1709)) a composite number?
False
Let r(h) = h - 1. Let n(u) be the third derivative of u**4/4 - u**3/6 - 5*u**2. Let m(b) = -n(b) + 5*r(b). Is m(-15) a composite number?
False
Suppose -9460 = -4*f + 6780. Let w = -2661 + f. Is w prime?
True
Let t(b) = 3*b**2 + 5. Let n be t(-12). Suppose 0 = 6*p - 7*p + n. Is p prime?
False
Is 173/(2/5*130/7748) a composite number?
True
Suppose 0 = -11*o + 23689 - 8454. Is o a composite number?
True
Let q(j) = 128*j - 27*j - 14 - 5. Is q(6) composite?
False
Let a = 0 + 79. Suppose -5*g + 3281 + a = 0. Let u = -355 + g. Is u a prime number?
True
Let t be (-33)/9 + 3 - 14/(-3). Is -7*(-32 + (t - 3)) composite?
True
Suppose 4*w - 2*j = 33146, 26*w - 25*w - 2*j = 8285. Is w a prime number?
True
Suppose -v - 2*y - y + 68 = 0, 5*y + 246 = 3*v. Let k be 4/(-14) + (-200)/(-14). Suppose -v - k = -s - 4*o, 0 = -s - 3*o + 88. Is s a composite number?
False
Let x = 9 + -4. Let g = 581 + -578. Suppose -158 = -x*i - r, -g*i + i + 71 = 3*r. Is i prime?
True
Let k be 2/(-1)*(-9 - -111). Let s = -77 - k. Is s composite?
False
Let n(y) = 5*y - 4. Let c(w) = -21*w + 16. Let g(p) = -2*c(p) - 9*n(p). Let u be ((-7)/5)/((-276)/(-30) + -9). Is g(u) prime?
False
Let x(t) = 10*t**3 + 7*t**2 - 19*t + 29. Is x(6) prime?
False
Let b be (2 - 1) + (0 - 1). Suppose -6*l = 1556 - 6830. Suppose -c - 4*r + 447 = b, -2*c - 4*r - r = -l. Is c composite?
True
Suppose -4*k - 10 = a - k, -4*k = 16. Is (10/15)/(a/7071) prime?
True
Suppose -v + 10 + 2 = 0. Suppose -v*l + 10 = -7*l. Suppose -m - l*m = -39. Is m composite?
False
Let p(r) = -r + 7. Let i be p(7). Suppose i = 8*d - 442 - 190. Is d a composite number?
False
Suppose 6*i = 7*i - 2. Let z be i/4 + (-6)/(-4). Suppose 35 = c - z. Is c composite?
False
Let n(b) = 3378*b - 19. Let l be n(2). Suppose 7*g - l = 2832. Is g composite?
False
Suppose -3*g + k = -2876, g + k + 4*k - 948 = 0. Is (13 + -3)/(-20)*(0 - g) a prime number?
True
Let j = 36 + -30. Let c(l) = 124*l**2 - 9*l - 19. Is c(j) composite?
False
Let p(t) be the first derivative of -81*t**2/2 + 5*t + 7. Is p(-4) a prime number?
False
Suppose -m - 2184 = -3*m + 5*r, -5*m = 2*r - 5402. Is m a composite number?
True
Let p = 26424 + -7763. Is p a composite number?
False
Is (13857/(-12))/((-6 + 2)/16) a prime number?
False
Let x(h) = -3*h**3 - 2*h**2 + 14*h - 3. Let w be x(10). Let k = -2156 - w. Is k prime?
True
Suppose -4*t - 2304 = -3*c - 0*c, 0 = -5*c - 2*t + 3840. Let u be (-1 - 0)/((-1)/5). Suppose 3*r - u*s = 1142, 5*r - 2*s = 3*r + c. Is r prime?
True
Suppose -2*d + 6 = g, 2*d = 4*g - g + 22. Let b(q) = -302*q - 9. Is b(g) a prime number?
False
Suppose 1779 - 423 = 4*y. Is y*(-3)/(-9)*1 a prime number?
True
Let w(n) = -n**3 + 29*n**2 + 63*n - 8. Is w(-19) composite?
True
Suppose -20*y + 26*y = 13974. Is y composite?
True
Suppose -99 = 5*n - 344. Suppose 51*d - n*d - 2798 = 0. Is d a prime number?
True
Let t be 914/(-2) + 6*(-1)/(-6). Let w = t - -947. Is w a composite number?
False
Let o be (2/(-6))/((-5)/60). Suppose 0 = o*y - 2*y - 422. Is y a composite number?
False
Let t = 395 - 192. Is t composite?
True
Is (2 - 18/8)*(10 + -5454) composite?
False
Let d be 60*(2 + (-544)/(-20)). Let g be d/(-9) - 2/(-3). Is (-3)/(-12)*-2*g a prime number?
True
Suppose 5*h = -d + 7496, d = 13*h - 10*h - 4496. Is h a composite number?
False
Let b(v) = -v**3 - 5*v**2 - 4*v + 3. Let n be b(-4). Suppose -n*f + 17*f = 5726. Is f a prime number?
True
Suppose -7*a = 124 + 233. Let c = 76 + a. Suppose -3*p - 5*z + 4750 = 2*p, 5*z = -c. Is p prime?
False
Let o(n) = -n. Let x be o(-2). Suppose 0 = -x*j + j + 5, -2*d + 4*j = -1062. Is d a prime number?
True
Suppose -15 + 3 = -3*f. Let t(s) = 184*s**2 + 10*s - 21. Is t(f) composite?
False
Suppose 5*g + 2517 - 33606 = 2*j, -12430 = -2*g - 2*j. Is g composite?
False
Let h = -21 + 25. Suppose -12 = -4*j, 2*s + h*j + 33 = 335. Is s a composite number?
True
Let o = 3518 + 2921. Is o a prime number?
False
Let o = -7 - -14. Let k = 4 - o. Is 8/(-3)*-15 + k a composite number?
False
Suppose 5*d + 7 - 27 = 0. Let j(s) = -4*s + d + 2 + 4 - 32*s. Is j(-7) a composite number?
True
Suppose -5*x = -2*x. Suppose 3*p - 10 = k, x = -0*p + p + 2*k + 6. Suppose -p*h = -h - 149. Is h a prime number?
True
Let x(b) = -b**3 + b**2 + 2*b - 3. Let d be x(-2). Suppose -d*p = -5*z + 269 + 471, 0 = -3*z - 4*p + 423. Is z prime?
False
Let n be (-3)/4 + (-161)/(-28). Let t(r) = r**3 + 5*r**2 - 8*r - 7. Let v be t(-5). Suppose -n*u + 5*p - v + 103 = 0, -5*u - p + 100 = 0. Is u prime?
True
Let i be (-5 - -23)/((-6)/(-4)). Let c = -20 + i. Let d = 41 - c. Is d a prime number?
False
Is 54/36 - (-618635)/10 prime?
False
Suppose -14*z + 5693 = -49845. Is z composite?
False
Suppose -2*o = 0, -4*o - 378 = -3*f - 0*o. Let n = f + -49. Is n a prime number?
False
Let a(t) = 251*t - 188. Is a(39) a prime numbe